
26
What is the remainder when 45 is divided by 12?
9
What is the remainder when 523 is divided by 25?
23
Calculate the remainder when 130 is divided by 112.
18
Calculate the remainder when 395 is divided by 115.
50
What is the remainder when 320 is divided by 42?
26
Calculate the remainder when 4616 is divided by 50.
16
Calculate the remainder when 99 is divided by 10.
9
What is the remainder when 613 is divided by 41?
39
What is the remainder when 3719 is divided by 924?
23
What is the remainder when 430 is divided by 183?
64
Calculate the remainder when 6428 is divided by 222.
212
What is the remainder when 79 is divided by 12?
7
What is the remainder when 246 is divided by 39?
12
What is the remainder when 299 is divided by 263?
36
Calculate the remainder when 386 is divided by 28.
22
Calculate the remainder when 92 is divided by 1.
0
What is the remainder when 3885 is divided by 108?
105
Calculate the remainder when 956 is divided by 35.
11
What is the remainder when 354 is divided by 60?
54
What is the remainder when 396 is divided by 67?
61
What is the remainder when 33 is divided by 7?
5
Calculate the remainder when 565 is divided by 13.
6
Calculate the remainder when 145 is divided by 6.
1
What is the remainder when 23 is divided by 9?
5
What is the remainder when 219 is divided by 53?
7
Calculate the remainder when 4368 is divided by 20.
8
Calculate the remainder when 93 is divided by 11.
5
Calculate the remainder when 375 is divided by 57.
33
Calculate the remainder when 421 is divided by 218.
203
Calculate the remainder when 72 is divided by 43.
29
What is the remainder when 421 is divided by 186?
49
What is the remainder when 650 is divided by 614?
36
What is the remainder when 14039 is divided by 12?
11
What is the remainder when 164 is divided by 85?
79
Calculate the remainder when 1676 is divided by 73.
70
Calculate the remainder when 185 is divided by 21.
17
Calculate the remainder when 527 is divided by 115.
67
Calculate the remainder when 1589 is divided by 37.
35
Calculate the remainder when 148 is divided by 108.
40
Calculate the remainder when 192 is divided by 59.
15
What is the remainder when 217 is divided by 112?
105
What is the remainder when 629 is divided by 163?
140
Calculate the remainder when 24 is divided by 14.
10
Calculate the remainder when 690 is divided by 679.
11
Calculate the remainder when 250 is divided by 92.
66
What is the remainder when 201 is divided by 149?
52
Calculate the remainder when 124 is divided by 66.
58
Calculate the remainder when 277 is divided by 22.
13
Calculate the remainder when 46 is divided by 36.
10
Calculate the remainder when 351 is divided by 76.
47
Calculate the remainder when 50 is divided by 8.
2
Calculate the remainder when 245 is divided by 8.
5
Calculate the remainder when 375 is divided by 58.
27
What is the remainder when 460 is divided by 14?
12
What is the remainder when 2234 is divided by 2229?
5
What is the remainder when 266 is divided by 19?
0
What is the remainder when 39056 is divided by 141?
140
What is the remainder when 159 is divided by 90?
69
What is the remainder when 1288 is divided by 212?
16
What is the remainder when 52394 is divided by 35?
34
Calculate the remainder when 11333 is divided by 21.
14
What is the remainder when 5578 is divided by 10?
8
What is the remainder when 112 is divided by 21?
7
Calculate the remainder when 1692 is divided by 121.
119
What is the remainder when 33 is divided by 17?
16
Calculate the remainder when 61 is divided by 5.
1
What is the remainder when 257 is divided by 37?
35
What is the remainder when 403 is divided by 8?
3
Calculate the remainder when 499 is divided by 63.
58
Calculate the remainder when 1727 is divided by 64.
63
Calculate the remainder when 1531 is divided by 95.
11
Calculate the remainder when 113 is divided by 39.
35
What is the remainder when 5995 is divided by 39?
28
What is the remainder when 310 is divided by 292?
18
Calculate the remainder when 799 is divided by 259.
22
What is the remainder when 10895 is divided by 173?
169
Calculate the remainder when 2435 is divided by 20.
15
What is the remainder when 249 is divided by 100?
49
What is the remainder when 527 is divided by 33?
32
Calculate the remainder when 1002 is divided by 46.
36
Calculate the remainder when 56 is divided by 6.
2
What is the remainder when 367 is divided by 23?
22
Calculate the remainder when 64 is divided by 33.
31
What is the remainder when 914 is divided by 283?
65
What is the remainder when 457 is divided by 113?
5
Calculate the remainder when 611 is divided by 103.
96
What is the remainder when 334 is divided by 48?
46
Calculate the remainder when 26 is divided by 10.
6
What is the remainder when 145 is divided by 32?
17
Calculate the remainder when 207 is divided by 107.
100
What is the remainder when 184 is divided by 27?
22
What is the remainder when 423 is divided by 48?
39
Calculate the remainder when 10247 is divided by 82.
79
Calculate the remainder when 112 is divided by 38.
36
What is the remainder when 163 is divided by 40?
3
Calculate the remainder when 117 is divided by 45.
27
What is the remainder when 6547 is divided by 192?
19
Calculate the remainder when 447 is divided by 120.
87
What is the remainder when 855 is divided by 205?
35
Calculate the remainder when 374 is divided by 30.
14
What is the remainder when 102 is divided by 47?
8
What is the remainder when 1168 is divided by 15?
13
Calculate the remainder when 868 is divided by 13.
10
What is the remainder when 109 is divided by 56?
53
What is the remainder when 1008 is divided by 44?
40
Calculate the remainder when 308 is divided by 191.
117
What is the remainder when 416 is divided by 35?
31
What is the remainder when 90 is divided by 25?
15
Calculate the remainder when 2084 is divided by 343.
26
Calculate the remainder when 146 is divided by 32.
18
Calculate the remainder when 761 is divided by 2.
1
Calculate the remainder when 503 is divided by 7.
6
What is the remainder when 3375 is divided by 23?
17
Calculate the remainder when 17 is divided by 8.
1
What is the remainder when 807 is divided by 9?
6
Calculate the remainder when 210 is divided by 8.
2
Calculate the remainder when 710 is divided by 349.
12
Calculate the remainder when 3798 is divided by 4.
2
What is the remainder when 23 is divided by 12?
11
Calculate the remainder when 20396 is divided by 217.
215
What is the remainder when 4330 is divided by 62?
52
Calculate the remainder when 1809 is divided by 450.
9
Calculate the remainder when 5823 is divided by 104.
103
Calculate the remainder when 5485 is divided by 26.
25
Calculate the remainder when 148 is divided by 50.
48
What is the remainder when 211 is divided by 58?
37
What is the remainder when 1965 is divided by 17?
10
What is the remainder when 2110 is divided by 141?
136
What is the remainder when 647 is divided by 151?
43
Calculate the remainder when 545 is divided by 110.
105
What is the remainder when 718 is divided by 133?
53
Calculate the remainder when 117 is divided by 34.
15
Calculate the remainder when 2032 is divided by 113.
111
Calculate the remainder when 61 is divided by 27.
7
What is the remainder when 212 is divided by 73?
66
Calculate the remainder when 298 is divided by 23.
22
What is the remainder when 344 is divided by 31?
3
Calculate the remainder when 8956 is divided by 289.
286
What is the remainder when 1118 is divided by 365?
23
What is the remainder when 2514 is divided by 182?
148
What is the remainder when 46 is divided by 13?
7
What is the remainder when 8344 is divided by 23?
18
Calculate the remainder when 1078 is divided by 99.
88
Calculate the remainder when 83 is divided by 13.
5
Calculate the remainder when 1669 is divided by 36.
13
Calculate the remainder when 172 is divided by 40.
12
Calculate the remainder when 79 is divided by 33.
13
Calculate the remainder when 842 is divided by 14.
2
Calculate the remainder when 328 is divided by 32.
8
What is the remainder when 66 is divided by 24?
18
What is the remainder when 150 is divided by 17?
14
What is the remainder when 445 is divided by 98?
53
What is the remainder when 43 is divided by 34?
9
Calculate the remainder when 5663 is divid